y g?
4
Suppose 0 = 21*n - 25*n + 40. Calculate the remainder when 22 is divided by n.
2
Let x(j) = 2*j**2 - 3*j**2 - 16*j**3 - 4*j**2 + 3*j**2 - 2*j - 1. What is the remainder when 44 is divided by x(-1)?
14
Let c(r) = r**2 - 4*r + 3. Let v be c(2). What is the remainder when 34/(-3)*3*v is divided by 12?
10
Calculate the remainder when 0 + (43 - (-2 + (4 - 2))) is divided by 15.
13
Let j(k) = -k**3 + 7*k**2 - 2*k + 7. Suppose -19 - 3 = -2*a. Calculate the remainder when j(6) is divided by a.
9
Let x be -25*(-1)/(-3)*-6. Suppose -i + 0*i = -3*p - 58, -5*p = i - x. What is the remainder when i is divided by 19?
17
Suppose 0 = -3*v + 2*v - 4. Let r(t) = -t**3 - 6*t**2 - 7*t - 6. Let i be r(v). Let n = i + 15. Calculate the remainder when 14 is divided by n.
4
Suppose 0 = 3*o - 17 + 5, 5*o = -a + 81. Suppose 0 = 11*x - 7*x. Suppose x = -4*z - k + 56, k = 3*z - 3*k - a. Calculate the remainder when z is divided by 4.
3
Let v be (-3 - (-5 - -2))/2. Suppose 2*s - 5*s = v. Suppose p - 2*p + 6 = s. Calculate the remainder when 17 is divided by p.
5
Let n(x) = 0*x - 5*x**2 + 1 + 4*x**2 + 2*x - 7*x**3. Calculate the remainder when n(-2) is divided by 17.
15
Suppose -5*f + l + 7 = -4*f, 4*f = -l + 3. Calculate the remainder when f is divided by 1.
0
Let s(f) be the third derivative of -f**2 - 1/2*f**3 + 3/4*f**4 + 0*f + 0. Calculate the remainder when s(2) is divided by 9.
6
Let u(d) be the second derivative of -1/20*d**5 - d + 0 + d**2 - 1/2*d**3 - 5/12*d**4. What is the remainder when 48 is divided by u(-5)?
14
Suppose -297 = -12*r + r. What is the remainder when 52 is divided by r?
25
Let s = 12 - 23. Let j = 16 + s. Calculate the remainder when j is divided by 2.
1
Suppose 55 = 4*o - 5. Calculate the remainder when 43/3*(4 + -1) is divided by o.
13
Suppose -13 - 15 = -7*t. What is the remainder when 11 is divided by t?
3
Suppose 2*c - 16 = -f, 5*f - 2*c = 82 - 2. What is the remainder when 31 + 0*(0 - 1) is divided by f?
15
Let x(b) = b**3 - 8*b**2 + 7*b + 7. Let h be x(7). Let v(a) = 2*a**2 - 11*a + 7. Let s = -25 - -40. Calculate the remainder when v(h) is divided by s.
13
Let y(z) = z**3 + 5*z**2 + 3*z + 4. Let a(s) = 5*s + 1. Let h be a(3). Suppose -4*c - h = -0*c. What is the remainder when 23 is divided by y(c)?
7
Let v(s) = -s**3 + 6*s**2 + 6*s + 4. Let f(k) = k**2 - 13*k + 18. Let d be f(12). Calculate the remainder when v(d) is divided by 14.
12
Suppose -4*p - g = -893, 3*p + 5*g = 219 + 455. Suppose -220 = -5*x + 5*u, 4*u = 5*x - 0*u - p. Calculate the remainder when x is divided by 12.
11
Suppose -5*q = -3*q. Suppose k + 5*z - 1 = q, 4*z - z = -k + 9. Suppose 22 = 3*g - g. Calculate the remainder when k is divided by g.
10
Suppose -3 = -2*c + 5. Suppose 0*t - 56 = -c*t. Let b = -34 - -60. Calculate the remainder when b is divided by t.
12
Let s(g) = -g - 1. Let y be s(-4). Suppose -76 = -4*j - 3*f, -y*j + 56 = -2*f + 4*f. What is the remainder when (-2)/6 + (-139)/(-3) is divided by j?
14
Let f = -133 + 304. What is the remainder when f is divided by 29?
26
Let a(p) = p - 6. Let k be a(-6). Let t = k - -22. Calculate the remainder when 37 is divided by t.
7
Let x(a) = -3*a**3 - a**2 + a + 2. What is the remainder when ((-4)/2)/(6/(-237)) is divided by x(-2)?
19
Let d be (3/(-6))/((-3)/6). Let f = 4 - d. Suppose -f*h = l - 134, -3 = 5*l - 13. What is the remainder when h is divided by 15?
14
Suppose 4*n + 4 = 0, 2*h - 3*n + 17 = 3*h. Suppose 0 = 3*b - 13 + 4. Suppose -b*d + 10 = -11. What is the remainder when h is divided by d?
6
Let a be (-6)/(-9) - 5/3. Let t = a + 4. Suppose -5 - 15 = -2*q - t*k, -2*q + k = -20. What is the remainder when q is divided by 6?
4
Suppose 2*w - 49 = w. Suppose g + 185 = -4*t, w = -t - 0*t - 3*g. Let u = -20 - t. Calculate the remainder when u is divided by 9.
8
Suppose 5*f - 21 = 4*f. What is the remainder when 60 is divided by f?
18
Let a = -3 - -6. Suppose -3*g + 3*w + 18 = -a, -5*w = -4*g + 25. Calculate the remainder when ((-36)/(-14))/((-2)/(-14)) is divided by g.
8
Suppose 3*d - 198 = -3*k, 2*d + 2*d + 108 = 2*k. Let w(f) = 18*f**2 + 4*f - 1. Calculate the remainder when k is divided by w(1).
20
Suppose 3*n - 51 = 6*n. Let k = 22 + n. Calculate the remainder when k is divided by 4.
1
Suppose -6*c + 36 = -3*c. Suppose 7*j - 3*j + 140 = 0. Let x = j + 58. What is the remainder when x is divided by c?
11
What is the remainder when ((-856)/(-6))/((-60)/(-9) - 6) is divided by 31?
28
Let g be (-12)/8*(-20)/3. Suppose 0 = -2*x - o + 29, -3*x + g + 21 = -o. What is the remainder when 34 is divided by x?
10
Suppose -3*c - 2*c = -15. Let r(b) = -6*b - 74. What is the remainder when r(-14) is divided by c?
1
Let q(g) = g**3 + 2*g - 22 - 11*g**2 + 9*g + g + 7. What is the remainder when 16 is divided by q(10)?
1
Let r(x) = x**2 - 2*x. Calculate the remainder when 5 is divided by r(3).
2
Suppose l + 3 = 53. Suppose -2*f + 68 = 2*f. Calculate the remainder when l is divided by f.
16
Let q(u) = u**3 - 2*u**2 + 3. Let v = 9 - 6. What is the remainder when 34 is divided by q(v)?
10
Let v(w) = 15*w**2 + 2*w + 1. Let c = 128 + -87. Calculate the remainder when c is divided by v(-1).
13
Let l(o) = 2*o**3 - 3*o**2 + 2*o. Let j(z) = z + 1. Let m be j(-3). Let s = 4 + m. What is the remainder when 22 is divided by l(s)?
6
Suppose 5*k - 3*c = 110, -c + 5*c + 88 = 4*k. Suppose -m - d = 2*m - 39, -2*m + 4*d + 12 = 0. Calculate the remainder when k is divided by m.
10
Let r be (-4)/2 - (-52 - -11). Let y = r - 23. Calculate the remainder when 31 is divided by y.
15
Let m(a) = a**3 + 4*a**2 - 6*a - 6. Let r = 10 - 14. What is the remainder when m(r) is divided by 7?
4
Suppose -y = -7*y + 174. Calculate the remainder when y is divided by 10.
9
Suppose -46 = -2*d + r, 0 = -7*r + 4*r. Calculate the remainder when d is divided by 6.
5
Suppose -c = -2*z - 3*c + 28, 0 = 4*c + 4. Let b = -60 + 24. Calculate the remainder when 6/27 - 1000/b is divided by z.
13
Let m(z) = -z**2 + 21*z - 71. Calculate the remainder when (32/6)/((-1)/(-3)) is divided by m(16).
7
Let a be ((-27)/6)/(-3)*2. Suppose -a*v = -2*v - 9. What is the remainder when 16 is divided by v?
7
Let a = 37 + 25. What is the remainder when a is divided by 13?
10
Suppose 4*t = z - 0*z + 2, -5*t = z - 7. Let j(s) = 27*s**2 + 2*s - 1. What is the remainder when 83 is divided by j(t)?
27
What is the remainder when (-1572)/(-48) - (-1)/4 is divided by 17?
16
Let y = -7 + 7. Suppose y*q - 5*q + 65 = 0. What is the remainder when 23 is divided by q?
10
Suppose -x - 17 = 4*u, 3*x + 2*u + 20 + 41 = 0. Let o = x + 25. What is the remainder when 4 is divided by o?
0
Suppose 2*z + z = h - 21, -2*z + 14 = 4*h. Suppose 2*l + 3*w - 46 = 0, -18 = -2*l - 0*l + 4*w. Calculate the remainder when l is divided by h.
5
Suppose 0*o = -o + 11. Let w(f) = 4*f**3 - f + 1. Calculate the remainder when o is divided by w(1).
3
Let z(m) = -5*m**3 + m. Let v be z(1). Let w = 26 - v. Let p = 55 - w. What is the remainder when p is divided by 13?
12
Let t be (-6)/(-8) + (-65)/(-20). Suppose -3*k = -4*p - 0*p - 10, t*k - 2*p - 20 = 0. What is the remainder when 21 is divided by k?
3
Suppose p + 0*p - 15 = 0. What is the remainder when 42 is divided by p?
12
Suppose 3*j = k + 26, 4*j - 2*k - 38 = -0*k. Let n(u) = u - 5. What is the remainder when 2 is divided by n(j)?
0
Suppose 0 = 3*q - q + 5*l + 292, -3*l - 438 = 3*q. Calculate the remainder when 2/3 - q/6 is divided by 13.
12
Suppose -2*w - f - f = -2, -f + 1 = -4*w. Let t(p) = -p**2 - p + 10. Suppose 2*s - 5*n = s + 21, 3*n + 9 = 0. What is the remainder when t(w) is divided by s?
4
Calculate the remainder when 72 is divided by 30/(-1 + 3) - -4.
15
Let z(r) = r + 16. Let a(g) = -g**3 + g**2 + g + 9. Let j be (2 - (3 - 0)) + 1. What is the remainder when z(0) is divided by a(j)?
7
Let o(t) = 23*t + 2. What is the remainder when o(1) is divided by 5?
0
Let r = 256 - 145. Calculate the remainder when r is divided by 58.
53
Let u = 14 - 10. Suppose -u*h + 0*h - c = -47, -h = -4*c - 16. Suppose -4 = f, k + 0*f - 2*f - 43 = 0. What is the remainder when k is divided by h?
11
Suppose x - 4*z = 6*x - 386, -2*z - 288 = -4*x. Calculate the remainder when x is divided by 25.
24
Let k = 8 - 6. Let s be k - 2 - -1*2. Suppose 5*d + 4*o = 124, s*d - 3*o - 38 = 7. C